1*y - 78 = 46. Let f = 4 - -113. Calculate the remainder when f is divided by v(y).
15
Let v = -5218 + 5283. Calculate the remainder when 2272 is divided by v.
62
Suppose -9*t + 90841 - 1761 = t. Calculate the remainder when t is divided by 33.
31
Suppose 0*g + 4*g = -1064. Let u be ((-2)/(-6)*-3)/((-2)/g). Let i = 137 + u. What is the remainder when 21 is divided by i?
1
Let p = 7407 + -6886. Calculate the remainder when p is divided by 6.
5
Let o = 70 - -91. Let a = 163 - o. What is the remainder when 5 is divided by a?
1
Suppose 774 = -679*l + 9601. Let g(m) be the third derivative of m**5/60 - m**4/8 + m**3/2 - m**2. What is the remainder when g(6) is divided by l?
8
Suppose 14*z + 105*z = 10234. What is the remainder when z is divided by 18?
14
Suppose 53*f - 29219 - 30514 + 2122 = 0. Calculate the remainder when f is divided by 184.
167
Let k(s) = -s**3 + 13*s**2 - 18*s - 12. Let y be k(11). Let r = 49 - y. Calculate the remainder when 10/6 + 2900/60 is divided by r.
16
Let b be 311*4*(-3)/(-4). Suppose 5514 = 9*t + b. Calculate the remainder when t is divided by 17.
16
Suppose 3*y - 4*l - 1607 = 0, 0 = y - 0*l - l - 537. Let n = y + -184. What is the remainder when n is divided by 60?
57
Let g(m) = 1066*m + 7219. What is the remainder when g(-6) is divided by 17?
7
Let g(b) = 2*b - 4*b + 99 - b - 6*b - 6*b. What is the remainder when 35 is divided by g(6)?
8
Calculate the remainder when 892 is divided by -2*(-169)/16 - (3 - (-322)/(-112)).
10
Suppose 0*b = b - 5. Suppose 4*m = -l + 434, -321*l + 316*l + 2134 = 2*m. Suppose b*o - l = 194. Calculate the remainder when o is divided by 25.
24
Let x be -276*(-12)/(-18)*1. Let l = -151 - x. What is the remainder when 263 is divided by l?
32
Suppose -2*f - y + 2 = -5*y, -4*f + 10 = -2*y. What is the remainder when (3762/(-836))/((-18)/88) is divided by f?
1
Let h(v) = -v**3 - v - 4. Let q be h(5). Let p = -82 - q. Calculate the remainder when (-1)/(-1)*3 + p is divided by 19.
17
Suppose -13 - 2 = -3*x + 4*j, 3*j = 0. Suppose 1167 = -2*n + 1135. What is the remainder when ((-264)/n)/(-1*(-3)/8) is divided by x?
4
Let f = 11111 - 10392. Calculate the remainder when f is divided by 239.
2
Let w(u) be the third derivative of u**4/24 - 7*u**3/6 + 4*u**2. Calculate the remainder when (126/(-36))/((-4)/8) is divided by w(10).
1
Let z be -9 + (-2)/(-1) - -249. Suppose 0 = 4*f + 4*k - 6*k - 204, -5*f = 4*k - z. Calculate the remainder when 249 is divided by f.
49
Suppose 3*b - 4*b + 48 = 31. Calculate the remainder when 325 is divided by b.
2
Let y(r) = -33*r + 636. Calculate the remainder when 669 is divided by y(18).
39
Let z(h) = -9*h**2 - 11*h + 27. Let p be z(5). Let u = p + 321. Calculate the remainder when u is divided by 27.
14
Suppose 240 = -9*f + 14*f. What is the remainder when 154 is divided by (-6)/f*1 - 105/(-8)?
11
Calculate the remainder when 20/((224/(-816))/(-7)) is divided by 128.
126
Suppose 1111 = -88*c + 3487. Calculate the remainder when 132 is divided by c.
24
Suppose -44*n - 6188 = -51*n. What is the remainder when 51 is divided by (-134)/737 - n/(-22)?
11
Let a = 4544 + -4476. Calculate the remainder when 288 is divided by a.
16
Suppose 175*f - 73*f = 96492. What is the remainder when f is divided by 12?
10
Suppose 5*i + 388*r - 432 = 386*r, -3*i - 5*r + 282 = 0. Calculate the remainder when i is divided by 75.
9
Let v be (8/(-6))/((30/(-9))/(-5)). Calculate the remainder when v/(-2)*-3 - -44 is divided by 24.
17
Suppose 1428 = 3*c + 11*c. Suppose -38 = -5*p + c. What is the remainder when 108 is divided by p?
24
Let t(k) = 3287*k - 19708. Calculate the remainder when 40 is divided by t(6).
12
Let m(r) = -r**2 + 67*r - 141. Calculate the remainder when m(24) is divided by 14.
9
Suppose 54*h - 50*h + 2381772 = 192*h. Calculate the remainder when h is divided by 11.
8
Suppose 106*b = -57*b + 58909 + 26992. Calculate the remainder when b is divided by 5.
2
Suppose 0 = -i + 2*n + 73, -3*n + 251 - 5 = 3*i. Let c = i - -57. What is the remainder when c is divided by 20?
16
Let a = 8257 - 8034. What is the remainder when 501 is divided by a?
55
Suppose -4*x + 2*x = 4*b + 740, x + 3*b + 374 = 0. Let p = -345 - x. Calculate the remainder when p is divided by 2/3 + (-28)/(-3).
7
Let h(z) = -2*z**3 + 18*z**2 - 16*z - 38. What is the remainder when h(-6) is divided by 35?
18
Suppose 3*w - 6*w = -3909. Let j be w/7 - ((-144)/(-28) + -5). Let f = j + -72. Calculate the remainder when f is divided by 29.
27
Let z(m) = 367*m - 929. What is the remainder when z(4) is divided by 96?
59
Let f = 0 - -145. Let x = 174 - f. What is the remainder when x is divided by 8?
5
Suppose 203 + 303 = 22*s. Suppose 14*n - 396 = 3*n. Calculate the remainder when n is divided by s.
13
Suppose -5*z + 59 = 224. Let n be -2*1*z/22. Calculate the remainder when 25 is divided by (n/(-5))/((-4)/(-20)) - -16.
12
Let v = -30225 + 30430. Calculate the remainder when 537 is divided by v.
127
Suppose -85 = 8*a - 5. Let o = a - -29. Suppose 0 = -16*x + 438 + 1066. Calculate the remainder when x is divided by o.
18
Let v(d) be the third derivative of -d**6/120 - d**5/6 + 5*d**4/12 + d**3/2 + 58*d**2. What is the remainder when 68 is divided by v(-11)?
12
Suppose 15*q = 20*q - f - 88, -3*q - 4*f + 62 = 0. Calculate the remainder when 781 is divided by q.
7
Suppose 1960 = -1594*o + 1622*o. Calculate the remainder when o is divided by 21.
7
Suppose -20 - 125 = -5*q. Let w = -266 + 236. What is the remainder when q is divided by 8/w*-20 - (-2)/3?
5
Suppose -5*g - 5*q + 12 + 13 = 0, 0 = -g - 3*q + 9. Suppose -z - 27 = -2*u, 3*u + 14 = 4*z + 42. Let h = u - g. What is the remainder when 64 is divided by h?
12
Suppose 5*v + 4*x - 631 - 85 = 0, -3*x = 18. What is the remainder when 174 is divided by v?
26
Let k be (-25 + 31)*(-734)/(-6) - -5. Suppose -17 = -9*o + k. Calculate the remainder when o is divided by 18.
12
Let v(f) = 13*f**2 - 310*f + 94. Calculate the remainder when v(41) is divided by 42.
39
Let t(z) = 99*z**2 - 45*z - 447. What is the remainder when t(-7) is divided by 80?
79
Let l(x) = -3*x**2 + 160*x + 8. What is the remainder when l(52) is divided by 82?
52
Let n(r) = -2*r**3 - 101*r**2 - 70*r - 574. What is the remainder when 858 is divided by n(-50)?
6
Let d(y) = y - 35. Let j be d(40). Calculate the remainder when 15/(-15)*(-456 - (2 - j)) is divided by 35.
33
Suppose -5*g = -8 - 7. Suppose g*r - 95 = -2*r. Suppose -179*w + 90*w = -88*w - 75. What is the remainder when w is divided by r?
18
Suppose -4*y + 1294 = 4*d - 1606, d = 4*y - 2890. Let k = 730 - y. Calculate the remainder when 16 is divided by k.
2
Let c = 9 + 10. Suppose 4*x - 156 - 317 = r, x = -5*r + 92. Let q = x + -81. What is the remainder when q is divided by c?
17
Let x(u) = -2*u**3 - 14*u**2 + u + 9. Let j be x(-7). Suppose 0 = -8*r + 26 - j. What is the remainder when 52 is divided by r - ((-165)/(-3))/(-5)?
10
Suppose -99*h = -65*h - 8976. Calculate the remainder when (h/143)/2*13 is divided by 1/(-2)*-2 + 4.
2
Let u = -47 - -53. Let j(i) = -6*i**2 - 7*i - 8. Let k be j(u). What is the remainder when 85 is divided by (2/4)/(-3 + k/(-88))?
19
Suppose -4*l = 3*v - 11, 0 = -3*l - v - 4 + 6. Let d(t) = -t**3 + t**2 + t. What is the remainder when -4 - (-53 + l - (-8)/2) is divided by d(-2)?
6
Let t(k) = -2*k**3 + 72*k**2 + 160*k - 38. Calculate the remainder when t(38) is divided by 98.
70
Let g(l) = -l. Let p(d) = 3*d + 4. Suppose 5*v - 8*v = -15. Let q(w) = v*g(w) + p(w). What is the remainder when q(-7) is divided by 7?
4
Suppose 0 = -5*r + 21 + 44. Calculate the remainder when (2074/34 + 10)/(1/3*3) is divided by r.
6
Suppose -178 = -4*a + 3*i, -4 + 6 = -i. Let p(q) = 14*q + 12. Let d be p(9). Calculate the remainder when a is divided by 6/(-3)*d/(-12).
20
Suppose -85*c = -4794 - 19516. Calculate the remainder when c is divided by 6.
4
Let w be -140*(-2 + 3/(-2)). Suppose -14*t + 4*t = -w. What is the remainder when 195 is divided by t?
48
Let c be 26*(30/12 - -3). Suppose 9*d - 163 = c. What is the remainder when d is divided by 18?
16
Let u = 1 - 3. Let v be -2 - 3 - -3 - u. Suppose -6*p + 0*p + 114 = v. What is the remainder when 72 is divided by p?
15
Let f = 7 - 4. Suppose 0 = -3*j + 4*m + 676, 0 = 5*j - 83*m + 78*m - 1135. Suppose -